w be h(4). Let g = w + -112. Suppose f = 2*f - 3*n - g, 5*f - 5*n - 285 = 0. What are the prime factors of f?
61
Suppose 5*s = -2*z - 651, -3*s + 611 = -2*z - 0*z. Let j = z + 577. What are the prime factors of j?
2, 3, 11
Suppose -1869543 = -226*c + 55*c. List the prime factors of c.
13, 29
Let z(k) be the third derivative of 247*k**5/60 - k**4/6 - k**3/6 - 12*k**2 - 2. List the prime factors of z(-1).
2, 5
List the prime factors of (-45)/(-18)*(-110220)/(-25).
2, 3, 11, 167
Suppose 43361 + 78664 = 15*a. List the prime factors of a.
5, 1627
List the prime factors of (-466333)/(-49) + 2 + 9.
2, 3, 397
Let o(t) = -t**3 - 19*t**2 + 128*t - 13. What are the prime factors of o(-29)?
5, 937
Suppose 1001 - 3935 = -2*j. Suppose 9*g - j = 8*g. What are the prime factors of g?
3, 163
Let v = 405 - 280. Suppose -129*t = -v*t - 1292. What are the prime factors of t?
17, 19
Let u(s) = -s**3 + 23*s**2 + 11*s - 59. Let c be u(23). Let l = 532 - c. What are the prime factors of l?
2, 13
Let c(w) = 3*w**3 - 25*w**2 + 10*w + 40. Let i be 45*-6*(-5)/135. What are the prime factors of c(i)?
2, 5
Suppose 7*v = 6*v. Let y(z) = z**3 + 11*z + 787. What are the prime factors of y(v)?
787
Let c(t) = 92*t + 278. Let z be c(-3). Suppose 5*a = 2*a + 12. Suppose -z*u - 113 = -a*k + 175, -4*k + 284 = -3*u. What are the prime factors of k?
2, 37
Let j(b) = 3*b**2 + 3*b + 5. Let v be j(-19). Let g = v + -550. List the prime factors of g.
13, 37
Let d = 63 - 18. Let b be 3/(-15)*-8*d/18. Suppose -b*w + 49 + 327 = 0. List the prime factors of w.
2, 47
Let f(v) = 37*v**2 - 337*v + 40. List the prime factors of f(18).
2, 11, 271
Let x(h) = h**2 + h - 2. Let q(j) = j**2 + 12*j - 16. Let w be q(-13). Let n be x(w). Suppose -n*z + 11 = -1, -3*z + 393 = 2*o. What are the prime factors of o?
2, 3
Let c(s) = -12*s + 12. Let j be c(1). Suppose -4*u - 4*y + 240 = j, 3*y = -18*u + 20*u - 120. List the prime factors of u.
2, 3, 5
Let d(r) = -159*r**3 - 3*r**2 - 3*r - 16. What are the prime factors of d(-3)?
4259
List the prime factors of (9/27*230583 - -1) + 5.
7, 79, 139
Let r(z) = -z**3 - 7*z**2 + 6*z + 20. Let s be r(-8). Suppose 0 = -a - 14 - s. List the prime factors of 2/(-4)*(a - 4).
3
What are the prime factors of -20420*46/(-161)*7?
2, 5, 1021
Suppose -4*n - 206 = -222, -2*v - 5*n + 38500 = 0. What are the prime factors of v?
2, 5, 13, 37
Let n(l) = 33*l - 47. Let p(s) = -7*s**2 + 1. Let y be p(-1). Let q be n(y). Let i = q - -443. List the prime factors of i.
2, 3, 11
Suppose -9*l + 5816 = -5*l. Let b = l - 841. What are the prime factors of b?
613
Let y = 34040 + -21043. What are the prime factors of y?
41, 317
Suppose 36 - 72 = -4*p. Suppose 5*k = c + 1852, -6*k - 1101 = -p*k + 4*c. What are the prime factors of k?
7, 53
Let y(b) be the third derivative of -197*b**4/24 - b**3/3 + 104*b**2. What are the prime factors of y(-3)?
19, 31
Let w(q) = 645*q + 6. Let j = 440 - 439. List the prime factors of w(j).
3, 7, 31
Let h = -146 - -148. Suppose 0 = -5*l - h*n + 1797, 0 = 3*l - 5*n + 544 - 1647. What are the prime factors of l?
19
Let o be -9 + -1*(-2 - 1). Let z = o + 8. Suppose -2*h = z*h - 384. List the prime factors of h.
2, 3
Let w = -536 - -543. Suppose 2*t + 3*n - 2327 = 0, 4*n = -13 - w. List the prime factors of t.
1171
Let k be (-6)/2 + 586/(-7 - -6). Let p = k - -1030. What are the prime factors of p?
3, 7
Suppose 13*f = 16 + 166. List the prime factors of (-51)/(-6) + 21/f.
2, 5
Suppose 0 = -2*n + 2*z - 88, 136 = -4*n - 3*z - 19. Let h = 450 + n. What are the prime factors of h?
409
Suppose -7*z + 509 - 558 = 0. Let m(o) = -124*o + 103. List the prime factors of m(z).
971
Let c(y) = -18*y**3 + y**2 + 2*y + 1. Let b be c(-1). Let v = -10 + b. Suppose -i + 64 - v = 0. What are the prime factors of i?
2, 7
List the prime factors of (49 - 25) + (22 - -71215).
71261
Let u(y) = -y**2 + 46*y + 64. Let l be u(41). List the prime factors of (3/(-18) - (-2)/12) + l.
269
Let f be (12/(-14))/((-10 - -15)/5740). List the prime factors of (7 + f/16)*-4.
2, 109
Suppose -15*c + 138 = 288. List the prime factors of (-7 + (-226)/c)*200/6.
2, 5, 13
Let z = 143 - 124. Suppose 1 = 2*j - z. Let i(h) = 4*h**2 - 18*h + 30. List the prime factors of i(j).
2, 5
Suppose 55*n + 140926 + 283224 = 3345970. List the prime factors of n.
2, 3, 19, 233
Let g(c) = -55*c + 27. Let h(q) = 138*q - 68. Let f(r) = 12*g(r) + 5*h(r). Let i be f(8). Let j = -149 + i. List the prime factors of j.
3, 5
Suppose -3 = -w, 0 = -3*a - 2*w - 13 + 16. Let g(p) = 375*p**2 + 7*p + 1. What are the prime factors of g(a)?
3, 41
List the prime factors of 1113021/455 - 2/5*-2.
2447
Let n = -196 + 1079. Let x = n - 620. List the prime factors of x.
263
What are the prime factors of 3/(-14 - 307642/(-21974))?
10987
Let c = 144 - 41. Let r = 112 - c. What are the prime factors of r?
3
Let c be ((-84)/(-8))/((-3)/(-2)). Let v(f) = f**3 - 7*f**2 + 2. Let l be v(c). Suppose l*d + 3 - 27 = 0. List the prime factors of d.
2, 3
Let y = 26 - 23. Suppose y*m = -234 + 1389. What are the prime factors of (3 + m/(-14))*4/(-2)?
7
Let q(k) = 14*k + 11. Suppose -5 = 3*i + 2*i. Let p be (i + 0)/((-9)/45). List the prime factors of q(p).
3
Let i(m) = -2*m**2 + 60*m - 46. Let s be i(26). Suppose -s = -2*g + 3*a, 3*a + 236 = 3*g + 2*a. List the prime factors of g.
2, 3, 13
Let i be (-7*1)/((-4)/(-40) - 0). Let z be (336/i)/(6/(-20)). List the prime factors of z/6*93/4.
2, 31
Let l(z) = -3*z**2 - 52*z - 60. Let r be l(-16). Suppose -4*h = -r*m - 168, 4*h - 9*h + 2*m + 201 = 0. What are the prime factors of h?
3, 13
Suppose 493*f - 496*f = -13671 - 19953. List the prime factors of f.
2, 3, 467
Suppose -15*b + 39 = 4*a - 14*b, -5*b = -15. Suppose -2*h + a*h = 2968. What are the prime factors of h?
2, 53
Suppose 5774*c = 5803*c - 169969. What are the prime factors of c?
5861
Let u(o) = o**2 - 12*o**2 - o**2 - 15*o + 58 - 30 + o**3. Let i be u(13). Suppose 2*j + 3*z - 41 - 34 = 0, 90 = i*j - 2*z. List the prime factors of j.
2, 3, 7
Suppose 2*v - 35003 = -5*h, 5*h - 24 + 9 = 0. What are the prime factors of v?
2, 8747
Let t(c) = 2*c**3 + 93*c**2 - 51*c + 238. What are the prime factors of t(-45)?
2, 269
Suppose -136*a + 1599902 = -27*a. List the prime factors of a.
2, 41, 179
List the prime factors of (-48)/(-4)*(0 + 450661/114).
2, 23719
Let r(w) be the second derivative of -16*w**3/3 + 18*w**2 - 4*w + 10. List the prime factors of r(-11).
2, 97
Suppose -3*h = h - 140. Suppose -5*f - 49 = -2*w, 7*f - 2*f + h = -5*w. List the prime factors of (-9)/6*474/f.
79
Suppose 3*a + 134752 = 9*b - 5*b, 168393 = 5*b + 8*a. What are the prime factors of b?
5, 6737
Let i = -700 - -2492. Let f = 2615 - i. List the prime factors of f.
823
Suppose -6*r - 12 = -3*r + x, -3*r - 12 = -3*x. What are the prime factors of (((-102)/r)/3)/(47/1128)?
2, 3, 17
Let o(p) = -9*p - 32. Let i = 40 - 31. Let y(n) = -n + 2. Let w be y(i). What are the prime factors of o(w)?
31
Let d(x) = -3382*x - 4759. What are the prime factors of d(-12)?
5, 1433
Let j be -2*(-785)/20*38. Suppose -17*f + 5*m + 1499 = -15*f, 4*f = 5*m + j. List the prime factors of f.
2, 7, 53
Suppose 2*o = -164*d + 167*d + 33347, 0 = d + 5. What are the prime factors of o?
2, 13, 641
Let r(t) = 12*t**3 - 4*t - 3. Let h be r(-1). What are the prime factors of 12/9*(h - -422)?
2, 137
Suppose -17*c - 5150 = -323152. What are the prime factors of c?
2, 47, 199
Suppose 12*p - 7*p = y - 15589, -y + 15601 = -8*p. What are the prime factors of y?
15569
Let t(w) = w + 3. Let u be t(0). Suppose 3*j + u*g + 1210 = 4*j, -3*j + 3650 = -4*g. What are the prime factors of j?
2, 13, 47
Suppose 4*j = -2*c + 22712, 0 = c + 1113*j - 1116*j - 11351. What are the prime factors of c?
2, 7, 811
What are the prime factors of (-45870)/(-4) - (-10)/(-13 + -7)?
11467
List the prime factors of 2909 + 70/(1 - -9).
2, 3
What are the prime factors of 216/9*(-442554)/(-168)?
2, 3, 41, 257
Let f(w) = -w**3 + 78*w**2 + 163*w - 874. What are the prime factors of f(59)?
2, 37441
Suppose -2*j + 6 = -22*o + 21*o, 0 = 5*j. Let d(b) = b**3 + 20*b**2 - 2*b - 15. List the prime factors of d(o).
3, 167
Suppose 5*i - 12 = 3*t, i + 4*t - 7 = -0. Suppose 1522 = 2*v - 5*k, 1138 = -i*v - 4*k + 3444. List the prime factors of v.
2, 383
List the prime factors 